{"id":198457,"date":"2022-01-20T16:24:41","date_gmt":"2022-01-20T16:24:41","guid":{"rendered":"https:\/\/www.dreamdress.lt\/?post_type=product&#038;p=198457"},"modified":"2022-05-19T10:36:23","modified_gmt":"2022-05-19T10:36:23","slug":"suknele-agne","status":"publish","type":"product","link":"https:\/\/www.dreamdress.lt\/index.php\/produktas\/suknele-agne\/","title":{"rendered":"Suknel\u0117 &#8222;Agn\u0117&#8221;"},"content":{"rendered":"","protected":false},"excerpt":{"rendered":"<p>Spalva: \u017ealia<\/p>\n<p>Bendras ilgis: 85 cm<\/p>\n<p><strong>XS dyd\u017eio i\u0161matavimai:<\/strong><\/p>\n<p>kr\u016btin\u0117 82-86 cm<\/p>\n<p>liemuo 59-63 cm<\/p>\n<p>klubai 86-90 cm<\/p>\n<p><strong>S dyd\u017eio i\u0161matavimai:<\/strong><\/p>\n<p>kr\u016btin\u0117 86-90 cm<\/p>\n<p>liemuo 63-67 cm<\/p>\n<p>klubai 90-94 cm<\/p>\n<p><strong>M dyd\u017eio i\u0161matavimai:<\/strong><\/p>\n<p>kr\u016btin\u0117 90-94 cm<\/p>\n<p>liemuo 68-71 cm<\/p>\n<p>klubai 94-98 cm<\/p>\n","protected":false},"featured_media":198458,"comment_status":"open","ping_status":"closed","template":"","meta":[],"product_brand":[],"product_cat":[17],"product_tag":[],"class_list":{"0":"post-198457","1":"product","2":"type-product","3":"status-publish","4":"has-post-thumbnail","6":"product_cat-sukneles","7":"product-layout-fix ushop-product","9":"first","10":"instock","11":"shipping-taxable","12":"purchasable","13":"product-type-variable","14":"has-default-attributes"},"_links":{"self":[{"href":"https:\/\/www.dreamdress.lt\/index.php\/wp-json\/wp\/v2\/product\/198457","targetHints":{"allow":["GET"]}}],"collection":[{"href":"https:\/\/www.dreamdress.lt\/index.php\/wp-json\/wp\/v2\/product"}],"about":[{"href":"https:\/\/www.dreamdress.lt\/index.php\/wp-json\/wp\/v2\/types\/product"}],"replies":[{"embeddable":true,"href":"https:\/\/www.dreamdress.lt\/index.php\/wp-json\/wp\/v2\/comments?post=198457"}],"wp:featuredmedia":[{"embeddable":true,"href":"https:\/\/www.dreamdress.lt\/index.php\/wp-json\/wp\/v2\/media\/198458"}],"wp:attachment":[{"href":"https:\/\/www.dreamdress.lt\/index.php\/wp-json\/wp\/v2\/media?parent=198457"}],"wp:term":[{"taxonomy":"product_brand","embeddable":true,"href":"https:\/\/www.dreamdress.lt\/index.php\/wp-json\/wp\/v2\/product_brand?post=198457"},{"taxonomy":"product_cat","embeddable":true,"href":"https:\/\/www.dreamdress.lt\/index.php\/wp-json\/wp\/v2\/product_cat?post=198457"},{"taxonomy":"product_tag","embeddable":true,"href":"https:\/\/www.dreamdress.lt\/index.php\/wp-json\/wp\/v2\/product_tag?post=198457"}],"curies":[{"name":"wp","href":"https:\/\/api.w.org\/{rel}","templated":true}]}}