{"id":76,"date":"2018-06-04T08:14:49","date_gmt":"2018-06-04T08:14:49","guid":{"rendered":"http:\/\/10.16.0.10\/index.php\/my-account\/"},"modified":"2019-09-18T11:59:26","modified_gmt":"2019-09-18T11:59:26","slug":"my-account","status":"publish","type":"page","link":"https:\/\/www.dreamdress.lt\/index.php\/my-account\/","title":{"rendered":"Mano s\u0105skaita"},"content":{"rendered":"<div class=\"woocommerce\"><div class=\"woocommerce-notices-wrapper\"><\/div>\n\n<div class=\"u-columns col2-set\" id=\"customer_login\">\n\n\t<div class=\"u-column1 col-1\">\n\n\n\t\t<h2>Prisijungti<\/h2>\n\n\t\t<form class=\"woocommerce-form woocommerce-form-login login\" method=\"post\" novalidate>\n\n\t\t\t\n\t\t\t<p class=\"woocommerce-form-row woocommerce-form-row--wide form-row form-row-wide\">\n\t\t\t\t<label for=\"username\">Vartotojo vardas arba el. pa\u0161tas\u00a0<span class=\"required\" aria-hidden=\"true\">*<\/span><span class=\"screen-reader-text\">Privalomas<\/span><\/label>\n\t\t\t\t<input type=\"text\" class=\"woocommerce-Input woocommerce-Input--text input-text\" name=\"username\" id=\"username\" autocomplete=\"username\" value=\"\" required aria-required=\"true\" \/>\t\t\t<\/p>\n\t\t\t<p class=\"woocommerce-form-row woocommerce-form-row--wide form-row form-row-wide\">\n\t\t\t\t<label for=\"password\">Slapta\u017eodis\u00a0<span class=\"required\" aria-hidden=\"true\">*<\/span><span class=\"screen-reader-text\">Privalomas<\/span><\/label>\n\t\t\t\t<input class=\"woocommerce-Input woocommerce-Input--text input-text\" type=\"password\" name=\"password\" id=\"password\" autocomplete=\"current-password\" required aria-required=\"true\" \/>\n\t\t\t<\/p>\n\n\t\t\t<input type=\"hidden\" name=\"g-recaptcha-response\" class=\"agr-recaptcha-response\" value=\"\" \/><script>\r\n                (function() {\r\n                    var siteKey = \"6LePh6QUAAAAAKa5-F5W5T0CU4lO7E7ba-eZZET_\";\r\n                    var refreshTimer = null;\r\n\r\n                    function wpcaptchaSetToken(token) {\r\n                        document.querySelectorAll(\".agr-recaptcha-response\").forEach(function(field) {\r\n                            field.value = token;\r\n                            field.setAttribute(\"data-token-time\", Date.now());\r\n                        });\r\n                    }\r\n\r\n                    function wpcaptchaRefreshToken(callback) {\r\n                        if (typeof grecaptcha === \"undefined\") {\r\n                            if (callback) callback(false);\r\n                            return;\r\n                        }\r\n\r\n                        grecaptcha.ready(function() {\r\n                            grecaptcha.execute(siteKey, { action: \"submit\" }).then(function(token) {\r\n                                wpcaptchaSetToken(token);\r\n                                if (callback) callback(true);\r\n                            });\r\n                        });\r\n                    }\r\n\r\n                    function wpcaptchaStartAutoRefresh() {\r\n                        clearInterval(refreshTimer);\r\n\r\n                        wpcaptchaRefreshToken();\r\n\r\n                        refreshTimer = setInterval(function() {\r\n                            wpcaptchaRefreshToken();\r\n                        }, 90000);\r\n                    }\r\n\r\n                    document.addEventListener(\"submit\", function(e) {\r\n                        var form = e.target;\r\n                        var field = form.querySelector(\".agr-recaptcha-response\");\r\n\r\n                        if (!field) return;\r\n\r\n                        var tokenTime = parseInt(field.getAttribute(\"data-token-time\") || \"0\", 10);\r\n                        var age = Date.now() - tokenTime;\r\n\r\n                        if (field.value && age < 90000) {\r\n                            return;\r\n                        }\r\n\r\n                        e.preventDefault();\r\n\r\n                        wpcaptchaRefreshToken(function(success) {\r\n                            if (success) {\r\n                                form.submit();\r\n                            }\r\n                        });\r\n                    }, true);\r\n\r\n                    window.wpcaptchaRefreshToken = wpcaptchaRefreshToken;\r\n\r\n                    if (document.readyState === \"loading\") {\r\n                        document.addEventListener(\"DOMContentLoaded\", wpcaptchaStartAutoRefresh);\r\n                    } else {\r\n                        wpcaptchaStartAutoRefresh();\r\n                    }\r\n                })();\r\n                <\/script><script>\r\n                    jQuery(document.body).on(\"checkout_error\", function(){\r\n                        setTimeout(wpcaptchaRefreshToken, 50);\r\n                    });\r\n\r\n                    jQuery(document.body).on(\"updated_checkout\", function(){\r\n                        setTimeout(wpcaptchaRefreshToken, 50);\r\n                    });\r\n                <\/script><script src='https:\/\/www.google.com\/recaptcha\/api.js?onload=wpcaptcha_captcha&render=6LePh6QUAAAAAKa5-F5W5T0CU4lO7E7ba-eZZET_&ver=1.35' id='wpcaptcha-recaptcha-js'><\/script>\n\t\t\t<p class=\"form-row\">\n\t\t\t\t<label class=\"woocommerce-form__label woocommerce-form__label-for-checkbox woocommerce-form-login__rememberme\">\n\t\t\t\t\t<input class=\"woocommerce-form__input woocommerce-form__input-checkbox\" name=\"rememberme\" type=\"checkbox\" id=\"rememberme\" value=\"forever\" \/> <span>Prisiminti mane<\/span>\n\t\t\t\t<\/label>\n\t\t\t\t<input type=\"hidden\" id=\"woocommerce-login-nonce\" name=\"woocommerce-login-nonce\" value=\"43eb47c2dc\" \/><input type=\"hidden\" name=\"_wp_http_referer\" value=\"\/index.php\/wp-json\/wp\/v2\/pages\/76\" \/>\t\t\t\t<button type=\"submit\" class=\"woocommerce-button button woocommerce-form-login__submit\" name=\"login\" value=\"Prisijungti\">Prisijungti<\/button>\n\t\t\t<\/p>\n\t\t\t<p class=\"woocommerce-LostPassword lost_password\">\n\t\t\t\t<a href=\"https:\/\/www.dreamdress.lt\/index.php\/my-account\/lost-password\/\">Praradote savo slapta\u017eod\u012f?<\/a>\n\t\t\t<\/p>\n\n\t\t\t\n\t\t<\/form>\n\n\n\t<\/div>\n\n\t<div class=\"u-column2 col-2\">\n\n\t\t<h2>Registruotis<\/h2>\n\n\t\t<form method=\"post\" class=\"woocommerce-form woocommerce-form-register register\"  >\n\n\t\t\t\n\t\t\t\n\t\t\t<p class=\"woocommerce-form-row woocommerce-form-row--wide form-row form-row-wide\">\n\t\t\t\t<label for=\"reg_email\">El. pa\u0161tas\u00a0<span class=\"required\" aria-hidden=\"true\">*<\/span><span class=\"screen-reader-text\">Privalomas<\/span><\/label>\n\t\t\t\t<input type=\"email\" class=\"woocommerce-Input woocommerce-Input--text input-text\" name=\"email\" id=\"reg_email\" autocomplete=\"email\" value=\"\" required aria-required=\"true\" \/>\t\t\t<\/p>\n\n\t\t\t\n\t\t\t\t<p>Naujo slapta\u017eod\u017eio nustatymo nuoroda bus i\u0161si\u0173sta \u012f j\u016bs\u0173 el. pa\u0161to adres\u0105.<\/p>\n\n\t\t\t\n\t\t\t<wc-order-attribution-inputs><\/wc-order-attribution-inputs><div class=\"woocommerce-privacy-policy-text\"><p>Your personal data will be used to support your experience throughout this website, to manage access to your account, and for other purposes described in our <a href=\"https:\/\/www.dreamdress.lt\/index.php\/privacy-policy\/\" class=\"woocommerce-privacy-policy-link\" target=\"_blank\">privatumo politikoje<\/a>.<\/p>\n<\/div>\n\t\t\t<p class=\"woocommerce-form-row form-row\">\n\t\t\t\t<input type=\"hidden\" id=\"woocommerce-register-nonce\" name=\"woocommerce-register-nonce\" value=\"accb83a5b4\" \/><input type=\"hidden\" name=\"_wp_http_referer\" value=\"\/index.php\/wp-json\/wp\/v2\/pages\/76\" \/>\t\t\t\t<button type=\"submit\" class=\"woocommerce-Button woocommerce-button button woocommerce-form-register__submit\" name=\"register\" value=\"Registruotis\">Registruotis<\/button>\n\t\t\t<\/p>\n\n\t\t\t\n\t\t<\/form>\n\n\t<\/div>\n\n<\/div>\n\n<\/div>\n","protected":false},"excerpt":{"rendered":"","protected":false},"author":1,"featured_media":0,"parent":0,"menu_order":0,"comment_status":"closed","ping_status":"closed","template":"","meta":{"footnotes":""},"class_list":["post-76","page","type-page","status-publish","hentry"],"_links":{"self":[{"href":"https:\/\/www.dreamdress.lt\/index.php\/wp-json\/wp\/v2\/pages\/76","targetHints":{"allow":["GET"]}}],"collection":[{"href":"https:\/\/www.dreamdress.lt\/index.php\/wp-json\/wp\/v2\/pages"}],"about":[{"href":"https:\/\/www.dreamdress.lt\/index.php\/wp-json\/wp\/v2\/types\/page"}],"author":[{"embeddable":true,"href":"https:\/\/www.dreamdress.lt\/index.php\/wp-json\/wp\/v2\/users\/1"}],"replies":[{"embeddable":true,"href":"https:\/\/www.dreamdress.lt\/index.php\/wp-json\/wp\/v2\/comments?post=76"}],"version-history":[{"count":1,"href":"https:\/\/www.dreamdress.lt\/index.php\/wp-json\/wp\/v2\/pages\/76\/revisions"}],"predecessor-version":[{"id":429,"href":"https:\/\/www.dreamdress.lt\/index.php\/wp-json\/wp\/v2\/pages\/76\/revisions\/429"}],"wp:attachment":[{"href":"https:\/\/www.dreamdress.lt\/index.php\/wp-json\/wp\/v2\/media?parent=76"}],"curies":[{"name":"wp","href":"https:\/\/api.w.org\/{rel}","templated":true}]}}